{"id":685,"date":"2020-02-13T16:02:58","date_gmt":"2020-02-13T15:02:58","guid":{"rendered":"https:\/\/www.laserment.com\/laserment\/?page_id=685"},"modified":"2022-06-15T14:50:02","modified_gmt":"2022-06-15T12:50:02","slug":"occupation-du-chalet","status":"publish","type":"page","link":"https:\/\/www.laserment.com\/laserment\/occupation-du-chalet\/","title":{"rendered":"Occupation du chalet"},"content":{"rendered":"\n<h2 class=\"wp-block-heading\">Occupation du chalet<\/h2>\n\n\n\n<p>Trouvez ci-dessous l&rsquo;\u00e9tat d&rsquo;occupations de notre chalet de La Serment, si ce dernier devait malencontreusement \u00eatre occup\u00e9 lors des dates souhait\u00e9es, regarder si notre chalet de Mont-Soleil est disponible en cliquant <a rel=\"noreferrer noopener\" href=\"https:\/\/www.laserment.com\/montsoleil\/occupations\/\" target=\"_blank\">ICI<\/a> !<\/p>\n\n\n\n<div style=\"height:20px\" aria-hidden=\"true\" class=\"wp-block-spacer\"><\/div>\n\n\n\n<hr class=\"wp-block-separator has-css-opacity\"\/>\n\n\n\n<div style=\"height:20px\" aria-hidden=\"true\" class=\"wp-block-spacer\"><\/div>\n\n\n<div id=\"eo_fullcalendar_1_loading\" class=\"eo-fullcalendar-loading\" ><img decoding=\"async\" src=\"https:\/\/www.laserment.com\/laserment\/wp-content\/plugins\/event-organiser\/css\/images\/loading-image.gif\" class=\"eo-fullcalendar-loading-icon\" alt=\"Chargement&#8230;\" \/> Chargement&#8230;<\/div><div class=\"eo-fullcalendar eo-fullcalendar-shortcode eo-fullcalendar-reset eo-fullcalendar-responsive\" id=\"eo_fullcalendar_1\"><\/div>\n\n\n\n<div style=\"height:20px\" aria-hidden=\"true\" class=\"wp-block-spacer\"><\/div>\n\n\n\n<table class=\"wp-block-table\"><tbody><tr><td width=\"5%\"><img decoding=\"async\" class=\"wp-image-289\" style=\"width: 20px;\" src=\"https:\/\/www.laserment.com\/laserment\/wp-content\/uploads\/2020\/01\/rouge.png\" alt=\"Complet\"><\/td><td width=\"30%\">Chalet enti\u00e8rement occup\u00e9<\/td><td><\/td><td width=\"5%\"><img decoding=\"async\" class=\"wp-image-292\" style=\"width: 20px;\" src=\"https:\/\/www.laserment.com\/laserment\/wp-content\/uploads\/2020\/01\/orange.png\" alt=\"Partiel\"><\/td><td width=\"30%\">Chalet partiellement occup\u00e9<\/td><td><\/td><td width=\"5%\"><img decoding=\"async\" class=\"wp-image-370\" style=\"width: 20px;\" src=\"https:\/\/www.laserment.com\/laserment\/wp-content\/uploads\/2020\/01\/bleu.png\" alt=\"Gardiens\"><\/td><td width=\"25%\">Gardien pr\u00e9sent<\/td><\/tr><\/tbody><\/table>\n","protected":false},"excerpt":{"rendered":"<p>Occupation du chalet Trouvez ci-dessous l&rsquo;\u00e9tat d&rsquo;occupations de notre chalet de La Serment, si ce dernier devait malencontreusement \u00eatre occup\u00e9 lors des dates souhait\u00e9es, regarder si notre chalet de Mont-Soleil est disponible en cliquant ICI ! Chalet enti\u00e8rement occup\u00e9 Chalet partiellement occup\u00e9 Gardien pr\u00e9sent<\/p>\n","protected":false},"author":1,"featured_media":770,"parent":0,"menu_order":0,"comment_status":"closed","ping_status":"closed","template":"","meta":{"ngg_post_thumbnail":0,"footnotes":""},"class_list":["post-685","page","type-page","status-publish","has-post-thumbnail","hentry"],"_links":{"self":[{"href":"https:\/\/www.laserment.com\/laserment\/wp-json\/wp\/v2\/pages\/685","targetHints":{"allow":["GET"]}}],"collection":[{"href":"https:\/\/www.laserment.com\/laserment\/wp-json\/wp\/v2\/pages"}],"about":[{"href":"https:\/\/www.laserment.com\/laserment\/wp-json\/wp\/v2\/types\/page"}],"author":[{"embeddable":true,"href":"https:\/\/www.laserment.com\/laserment\/wp-json\/wp\/v2\/users\/1"}],"replies":[{"embeddable":true,"href":"https:\/\/www.laserment.com\/laserment\/wp-json\/wp\/v2\/comments?post=685"}],"version-history":[{"count":11,"href":"https:\/\/www.laserment.com\/laserment\/wp-json\/wp\/v2\/pages\/685\/revisions"}],"predecessor-version":[{"id":1212,"href":"https:\/\/www.laserment.com\/laserment\/wp-json\/wp\/v2\/pages\/685\/revisions\/1212"}],"wp:featuredmedia":[{"embeddable":true,"href":"https:\/\/www.laserment.com\/laserment\/wp-json\/wp\/v2\/media\/770"}],"wp:attachment":[{"href":"https:\/\/www.laserment.com\/laserment\/wp-json\/wp\/v2\/media?parent=685"}],"curies":[{"name":"wp","href":"https:\/\/api.w.org\/{rel}","templated":true}]}}