{"id":5,"date":"2011-11-11T20:54:06","date_gmt":"2011-11-11T19:54:06","guid":{"rendered":"https:\/\/www.laserment.com\/laserment\/?page_id=5"},"modified":"2026-05-09T13:07:08","modified_gmt":"2026-05-09T11:07:08","slug":"chalet-la-serment","status":"publish","type":"page","link":"https:\/\/www.laserment.com\/laserment\/","title":{"rendered":"Chalet de La Serment"},"content":{"rendered":"\n<h2 class=\"wp-block-heading\">Chalet de La Serment<\/h2>\n\n\n\n<p>Situ\u00e9 au lieu-dit la Serment \u00e0 une altitude d&rsquo;environ 1235 m\u00e8tres, au dessous de T\u00eate de Ran. Notre chalet jouit d&rsquo;une vue imprenable sur le plateau et les Alpes suisses, au milieu des p\u00e2turages jurassiens, et convient particuli\u00e8rement aux familles et aux \u00e9coles pour des semaines vertes ou de neige.<\/p>\n\n\n\nngg_shortcode_0_placeholder\n\n\n\n<h3 class=\"wp-block-heading\"><span style=\"color: #800000;\"><strong><em>Attention ! <\/em><\/strong><\/span><\/h3>\n\n\n\n<ul class=\"wp-block-list\">\n<li><span style=\"color: #800000;\"><strong>le chalet n&rsquo;est pas accessible avec un v\u00e9hicule en cas de neige !<\/strong><\/span><\/li>\n\n\n\n<li><span style=\"color: #800000;\"><strong>Orchestre et sono ne sont pas autoris\u00e9s afin de ne pas porter atteinte \u00e0 la tranquillit\u00e9 du voisinage.<\/strong><\/span><\/li>\n<\/ul>\n\n\n\n<div style=\"height:30px\" aria-hidden=\"true\" class=\"wp-block-spacer\"><\/div>\n\n\n\n<p><strong><em><span style=\"text-decoration: underline;\">Equipements :<\/span><\/em><\/strong><span style=\"font-size: small;\"><br><\/span><\/p>\n\n\n\n<ul class=\"wp-block-list\">\n<li>Cuisine \u00e9quip\u00e9 gaz et \u00e9lectricit\u00e9, lave vaisselle, frigo.<\/li>\n\n\n\n<li>Frigo avec boissons.<\/li>\n\n\n\n<li>2 r\u00e9fectoires de 60 places.<\/li>\n\n\n\n<li>10 chambres avec 2, 4 ou 8 lits pour un total de 38 places.<\/li>\n\n\n\n<li>1 dortoir de 30 places.<\/li>\n\n\n\n<li>2 chambre de 2 places.<\/li>\n\n\n\n<li>Douches \/ WC.<\/li>\n\n\n\n<li>Chemin\u00e9e.<\/li>\n\n\n\n<li>Terrasse<\/li>\n\n\n\n<li>Salle de jeux avec table de ping pong (prenez vos raquettes et vos balles !).<\/li>\n\n\n\n<li>Jeux ext\u00e9rieurs pour enfants (balan\u00e7oire, toboggan etc&#8230;.).<\/li>\n<\/ul>\n\n\n<div class=\"wp-block-image\">\n<figure class=\"alignright\"><a href=\"https:\/\/www.laserment.com\/laserment\/wp-content\/uploads\/2011\/11\/region_serment.png\"><img loading=\"lazy\" decoding=\"async\" width=\"283\" height=\"268\" src=\"https:\/\/www.laserment.com\/laserment\/wp-content\/uploads\/2011\/11\/region_serment.png\" alt=\"La Serment\" class=\"wp-image-113\"\/><\/a><figcaption class=\"wp-element-caption\">Region de La Serment<\/figcaption><\/figure>\n<\/div>\n\n\n<p><span style=\"text-decoration: underline;\"><em><strong><br>Loisirs :<\/strong><\/em><\/span><\/p>\n\n\n\n<ul class=\"wp-block-list\">\n<li>Ski de piste et de fond \u00e0 100 m.<\/li>\n\n\n\n<li>Randonn\u00e9e p\u00e9destre.<\/li>\n\n\n\n<li>Chemin des cr\u00eates du Jura \u00e0 quelques minutes.<\/li>\n\n\n\n<li>Lac de Neuch\u00e2tel \u00e0 15 minutes.<\/li>\n\n\n\n<li>Piscines \u00e0 la Chaux-de-Fonds et au Val-de-Ruz.<\/li>\n\n\n\n<li>Mus\u00e9es \u00e0 proximit\u00e9 (La Chaux-de-Fonds, Neuch\u00e2tel).<\/li>\n\n\n\n<li>Zoo du Bois du Petit-Ch\u00e2teau &nbsp;\u00e0 la Chaux-de-Fonds.<\/li>\n\n\n\n<li>Saut du Doubs \u00e0 25 km.<\/li>\n<\/ul>\n\n\n\n<hr class=\"wp-block-separator has-css-opacity\"\/>\n\n\n\n<h4 class=\"wp-block-heading\"><strong><em>Ou nous trouvez :<\/em><\/strong><\/h4>\n\n\n\n<div>\n<p>Coordonn\u00e9es GPS : N 047.0463500\u00b0 E 006.853050\u00b0<\/p>\n<figure><iframe loading=\"lazy\" src=\"http:\/\/maps.google.ch\/maps\/ms?msa=0&amp;hl=fr&amp;ie=UTF8&amp;t=m&amp;vpsrc=6&amp;source=embed&amp;ll=47.04451,6.85431&amp;spn=0.114913,0.141857&amp;iwloc=0004ad25590e42e918a39&amp;msid=201548587163472496820.0004ad25518efb7ff29e9&amp;output=embed\" width=\"800\" height=\"600\" frameborder=\"0\" marginwidth=\"2\" marginheight=\"2\" scrolling=\"no\"><\/iframe><\/figure>\n<p><small><a style=\"color: #0000ff; text-align: left;\" href=\"http:\/\/maps.google.ch\/maps\/ms?msa=0&amp;hl=fr&amp;ie=UTF8&amp;t=m&amp;vpsrc=6&amp;source=embed&amp;ll=47.04451,6.85431&amp;spn=0.114913,0.141857&amp;iwloc=0004ad25590e42e918a39&amp;msid=201548587163472496820.0004ad25518efb7ff29e9\">Afficher dans Google Maps<\/a><\/small><\/p>\n<\/div>\n\n\n\n<div style=\"height:20px\" aria-hidden=\"true\" class=\"wp-block-spacer\"><\/div>\n\n\n\n<hr class=\"wp-block-separator has-css-opacity\"\/>\n","protected":false},"excerpt":{"rendered":"<p>Chalet de La Serment Situ\u00e9 au lieu-dit la Serment \u00e0 une altitude d&rsquo;environ 1235 m\u00e8tres, au dessous de T\u00eate de Ran. Notre chalet jouit d&rsquo;une vue imprenable sur le plateau et les Alpes suisses, au milieu des p\u00e2turages jurassiens, et convient particuli\u00e8rement aux familles et aux \u00e9coles pour des semaines vertes ou de neige. Attention [&hellip;]<\/p>\n","protected":false},"author":1,"featured_media":784,"parent":0,"menu_order":0,"comment_status":"closed","ping_status":"closed","template":"","meta":{"ngg_post_thumbnail":0,"footnotes":""},"class_list":["post-5","page","type-page","status-publish","has-post-thumbnail","hentry"],"_links":{"self":[{"href":"https:\/\/www.laserment.com\/laserment\/wp-json\/wp\/v2\/pages\/5","targetHints":{"allow":["GET"]}}],"collection":[{"href":"https:\/\/www.laserment.com\/laserment\/wp-json\/wp\/v2\/pages"}],"about":[{"href":"https:\/\/www.laserment.com\/laserment\/wp-json\/wp\/v2\/types\/page"}],"author":[{"embeddable":true,"href":"https:\/\/www.laserment.com\/laserment\/wp-json\/wp\/v2\/users\/1"}],"replies":[{"embeddable":true,"href":"https:\/\/www.laserment.com\/laserment\/wp-json\/wp\/v2\/comments?post=5"}],"version-history":[{"count":179,"href":"https:\/\/www.laserment.com\/laserment\/wp-json\/wp\/v2\/pages\/5\/revisions"}],"predecessor-version":[{"id":2596,"href":"https:\/\/www.laserment.com\/laserment\/wp-json\/wp\/v2\/pages\/5\/revisions\/2596"}],"wp:featuredmedia":[{"embeddable":true,"href":"https:\/\/www.laserment.com\/laserment\/wp-json\/wp\/v2\/media\/784"}],"wp:attachment":[{"href":"https:\/\/www.laserment.com\/laserment\/wp-json\/wp\/v2\/media?parent=5"}],"curies":[{"name":"wp","href":"https:\/\/api.w.org\/{rel}","templated":true}]}}